se -5*a = -84 + 29. Let s = a + n. What is the units digit of s?
4
Let h = -673 + 1028. What is the tens digit of h?
5
Suppose -j + 65 = -5*k - 0*j, -3*j = -3*k - 39. Let q = k + 23. What is the units digit of q?
0
Suppose 4*t + 67 = -309. What is the units digit of 6/(-27) - t/18?
5
Suppose n - 2*w - 34 = 0, -3*w = -n + w + 42. What is the units digit of n?
6
Let j = 88 - -75. What is the units digit of j?
3
Let b(f) = -18*f + 1. What is the tens digit of b(-2)?
3
Let z be (2 + -2)*(0 + 1). Let w(l) = l**2 + 2. What is the units digit of w(z)?
2
Let a = -46 - -97. Suppose 0 = 14*t - 11*t - a. What is the units digit of t?
7
Let q(y) = -y**3 - 2*y**2 + 2*y + 2. Let b be q(-3). Let l = 9 - b. Suppose g = -5*i + 9, -l*i - 9 = -g - 0*i. What is the units digit of g?
9
Let o = 830 - 525. What is the tens digit of o?
0
Let z = 47 - -1. What is the tens digit of z?
4
Suppose -4*j + 14 + 6 = 0. Suppose 0 = -3*q - j*f + 80, 80 = 2*q + 4*f - 6*f. What is the units digit of q?
5
Let b(k) be the first derivative of k**6/360 - k**5/30 + k**4/8 - 2*k**3/3 + 3. Let r(g) be the third derivative of b(g). What is the units digit of r(5)?
8
Let z(v) be the third derivative of v**6/360 - v**5/120 + v**4/3 + v**3/2 + v**2. Let a(l) be the first derivative of z(l). What is the units digit of a(0)?
8
Suppose r = -4*h - 6, -4*h = -r + 5*r + 60. What is the tens digit of r/(-2) - (-9 - -8)?
1
Let n be (6/15)/((-4)/(-20)). Suppose 4*j + 4 = 0, -7*c - n*j + 46 = -3*c. What is the units digit of c?
2
Let a = -3 - -1. Let x = 4 + a. What is the units digit of (-7)/x*(1 - 3)?
7
Let f(o) = -2*o**3 - 7*o**2 - 4*o + 2. What is the tens digit of f(-5)?
9
Let y = 15 + -4. Let v = y + -6. Suppose 0*f = v*w + 3*f - 39, 6 = 2*w - 2*f. What is the units digit of w?
6
Let c be (-4)/(-9 - 3)*9. Suppose 4*q - h + 3*h - 2 = 0, 2*q - 5*h = -5. Let p = c + q. What is the units digit of p?
3
Let x = 9 + -4. Suppose -2*f + 54 = 4*g, x*g + 3*f + 8 - 77 = 0. What is the units digit of g?
2
Suppose 3*r = -12, 0 = l - 2*r - 2*r - 48. What is the units digit of l?
2
Suppose 12 = 2*o - 2*p, -2*o - 3*p + 8*p + 15 = 0. Let f be (-4)/14 - 438/(-14). Suppose -o*n - 6 = -f. What is the units digit of n?
5
What is the tens digit of (8 - 6) + (-16)/(-2)?
1
Suppose 0 = p - 7 + 4. Suppose t = -0*t + 24. Suppose y = p*y - t. What is the units digit of y?
2
What is the tens digit of 4 + 0 + -4 - 4 - -55?
5
Let w be 1/3*1*6. Suppose 46 = 2*y - n + 4, -w*y + 2*n + 44 = 0. What is the units digit of y?
0
Let o(r) be the third derivative of -r**6/120 - r**5/30 + r**4/12 - r**3/6 + 4*r**2. Let m be o(1). Let c = m - -3. What is the units digit of c?
1
Suppose -d = -3*d + 8. Let t be d/(-8) + 3/(-2). What is the units digit of 82/7 - t/7?
2
Let b = 34 - 0. What is the tens digit of b?
3
Suppose 5*o + 45 - 15 = -5*h, -o = -4*h + 1. What is the tens digit of (-94)/(-8) + h/(-4)?
1
Let s(k) = -k**3 - 4*k**2 - 3*k - 1. What is the tens digit of s(-5)?
3
Let r be (0 - 2) + (2 - 2). What is the units digit of r*(0 - (-9)/(-6))?
3
Let k = -3 + 6. Suppose 2*w - k*w + 46 = 0. Suppose -2*z + 3*j + 40 = 0, 0*z = -3*z + j + w. What is the tens digit of z?
1
Let b be ((-2)/3)/((-8)/(-84)). Suppose v - 4 = -3*v. What is the units digit of (1 - v - b) + -1?
6
Let r(w) = 3*w**3 - 4*w**2 + 3*w - 1. Suppose 0 - 10 = -5*k. What is the tens digit of r(k)?
1
What is the units digit of 2*(17/2 + -2)?
3
Let m = -1 + 3. Let g(p) = 7*p + m - 8*p**2 + 0 + 1 + p**3. What is the units digit of g(7)?
3
Let o(b) = b - 2. Let n be o(5). Let x = n - -5. What is the units digit of x?
8
Suppose -21 = -3*b + 72. What is the units digit of b?
1
Suppose -4*t - 11 - 15 = -5*q, -2*t = 5*q - 32. Let g = q - -12. What is the units digit of g?
8
Suppose 0*h = 2*h - 4. Suppose 3*k = 5*f + h*k + 41, -f + 11 = -5*k. What is the tens digit of (-3)/(f/42) + 3?
1
Let l(j) = 2*j + 8. Let b be l(-7). Let n(x) = -x - 2. Let a be n(b). Suppose 0 = -q + 5*q + a*o - 48, 5*q - 25 = 2*o. What is the units digit of q?
7
Suppose 104 + 158 = 2*v. Suppose -2*l = 2*l + 3*p - 120, -v = -5*l + p. What is the tens digit of l?
2
Let f = 16 - 11. Suppose 5*j + 2*x - 108 = 0, f*j + x + 0*x - 109 = 0. What is the units digit of j?
2
Let k be (-2328)/(-15) + 2/(-10). Let x = k + -75. Suppose 0 = -2*z - 3*z + x. What is the tens digit of z?
1
Let r be 17/(-6) + 2/(-12). What is the tens digit of (2 + -3 - r)*8?
1
Suppose -5*v + 93 = -3*i + 347, -4*i + 2*v + 362 = 0. What is the tens digit of i?
9
Let h = 21 + -15. Suppose -4*b + c + 27 - 3 = 0, -2*c - h = -b. What is the units digit of b?
6
Let k = 35 - 22. What is the tens digit of k?
1
Suppose -2 - 3 = 5*r. What is the units digit of (2/3)/(r/(-30))?
0
Suppose -t - 3*s + 2*s + 5 = 0, -5*t + 5*s = -35. Suppose 3*w = -3, -2 = -x + 2*w - 0. What is the units digit of (x - (-6)/3) + t?
8
Suppose 4*k = -3*b + b + 130, -25 = -5*b. Suppose -4*z = z - k. What is the units digit of z?
6
Let b(n) = -11*n - 6. What is the hundreds digit of b(-12)?
1
Let q(n) = -n**3 - 5*n**2 - 6*n - 6. Let p be q(-4). Suppose m - p*m = -2. Suppose 0 = m*d + 4*h - 20, -2*d - 5*h = -3*d - 4. What is the units digit of d?
6
Let b = 534 - 364. What is the hundreds digit of b?
1
Suppose -6 = -11*o + 10*o. What is the units digit of o?
6
Suppose i + s + 2*s = -7, 0 = 2*i + 2*s - 2. Suppose -i*l + 3*l = 3*q - 106, 3*l + 3*q = 153. What is the units digit of l?
7
Let p(n) = -59*n - 1. Let a be p(-2). Suppose 2*d = 5*d + 4*u - a, 4*u = 3*d - 141. What is the units digit of d?
3
Let y(v) = v**3 - 3*v**2 - 4*v + 6. Let a be y(4). Let m = -2 + a. What is the units digit of m?
4
Let a(f) = -f**2 - 5*f. Let g be a(-4). Suppose g*j - 11 = -3*q + 28, -4*j = -4*q - 60. What is the tens digit of j?
1
Let r(f) = 5*f. Let w be r(1). Suppose 0 = w*o - 4*g - 46, 3*o + 3*g = -2*g + 35. What is the units digit of o?
0
Let v = 3 + 2. Suppose 31 = v*x - 4. What is the units digit of x?
7
Suppose 2*k - 15 - 9 = 3*o, -2*o + 10 = 3*k. Let p = 13 - k. What is the units digit of p?
7
Let y(a) = a**2 - 2*a + 5. What is the tens digit of y(4)?
1
Let m = 66 + -33. What is the units digit of m?
3
Suppose -5*w = -w - 1196. What is the units digit of w?
9
Let x = 19 + -19. Suppose m + x*m = 20. What is the tens digit of m?
2
Let d = 51 - 28. Suppose -4*r + 67 = d. What is the tens digit of r?
1
Suppose -88 = -5*u - 3*s, u = -s - 2*s + 20. What is the tens digit of u?
1
Let m(l) = -l - 2. Suppose 0 = o - 2 + 9. What is the units digit of m(o)?
5
Suppose -2*q - s + 182 = 0, 182 = 2*q + 3*s + 2*s. What is the tens digit of q?
9
What is the units digit of ((-38)/(-3))/((-12)/(-126))?
3
Let k be 1/(-3) + (-2)/(-6). Let r be 2*((-6)/(-4) - k). Suppose -r*o = 2*o - 10. What is the units digit of o?
2
Suppose -t - 16 = 4*m, 4*m + 19 = -4*t - 9. Let l = m + 9. Let i(r) = -r**2 + 7*r - 5. What is the units digit of i(l)?
1
Suppose 2*h - 22 = -z, 2*h + z = -3*h + 52. What is the units digit of (-2)/5 - (-64)/h?
6
Let w(o) = o**3 + 5*o**2 + 5*o + 4. Let g be w(-3). Suppose -2*v + 3*v = g. What is the units digit of v?
7
Let n(y) = -3*y**3 - 2*y**2 - 2*y + 15. What is the tens digit of n(-4)?
8
Suppose 0 = -4*m + 16, 6*f - f = m + 441. What is the units digit of f?
9
Let g be (-1)/((-1)/(-22)*-2). Let v = -8 + g. What is the units digit of 1/((-2 + v)/7)?
7
Suppose j - 8 = -3*j + 5*u, 0 = 4*u. Suppose -s = 3*n + 8, 4*n - 2*s + 0 = 6. Let y = j + n. What is the units digit of y?
1
Suppose -2*l - 5*u + 6 = 0, 3*u + 1 = -l + 3. What is the units digit of l?
8
Suppose -5 = -4*h - 3*d - 1, 5*h = 3*d - 22. Let u(g) = -2*g**3 + g**2 + g - 1. What is the tens digit of u(h)?
1
Let i(q) = -q + 8. Let d be i(6). Let x be 237/27 - d/(-9). Let f(w) = w**2 - 8*w - 2. What is the units digit of f(x)?
7
Let l = 6 + -2. Suppose 2*r - 4*p + 8 = 0, 4*r - l*p + 6 = r. What is the units digit of (-4)/r - (-3 - 1)?
2
Let q be (-4)/(-2 + 3/2). Suppose q = -p + 5*p. Suppose -3*u + p*u + 12 = 0. What is the units digit of u?
2
Let y(w) = 5*w**2 + 2*w + 9. What is the units digit of y(5)?
4
Let h be 9*(2 - (-14)/(-6)). What is the units digit of (-1 + h/(-1))*1?
2
Let g = -114 - -321. What is the tens digit of g?
0
Let d(i) = i**2 + 17. Let n be d(0). Let h = -2 + n. Suppose 9*c = 4*c + h. What is the units digit of c?
3
Let